en k is divided by 10?
7
Suppose 0 = 3*y + 2*i - 2, -4*i = 4*y + y. Let b = 16 + y. Calculate the remainder when 58 is divided by b.
18
Suppose 51 = 3*n - 0*n. Let v = -308 - -358. Calculate the remainder when v is divided by n.
16
Suppose 2*l = 3 + 3, 0 = 5*p - l + 38. Calculate the remainder when (6/p)/(19/(-266)) is divided by 5.
2
Let v be (-13)/(2 - (-3 + 44/8)). Let u = 8 + v. What is the remainder when 135 is divided by u?
33
Suppose -221 = -32*h + 35. Calculate the remainder when 86 is divided by h.
6
Let a(b) be the third derivative of 17*b**5/60 + b**4/12 - b**3/6 - 8*b**2. Let p = 190 - 121. What is the remainder when p is divided by a(1)?
15
Let m(s) = s**2 + 57*s - 110. What is the remainder when 287 is divided by m(-59)?
7
Let c(v) = -v**3 - 6*v**2 - 6*v - 17. What is the remainder when c(-6) is divided by 16?
3
Let u = 43 + -7. Suppose -5*f - 10 = w, -6*w + 29 = -2*w - 3*f. Suppose 4*c + 12 = -2*s + 42, 3*s = -w*c + u. Calculate the remainder when c is divided by 6.
3
What is the remainder when (-18)/(-12) + ((-193)/(-2) - -3) is divided by 19?
6
Let u(v) = 35*v**2. Let r be u(-1). Let p be (-1)/(-4) - 582/24. Let f = r + p. What is the remainder when 19 is divided by f?
8
Let u = -15 + 31. Calculate the remainder when u is divided by (-4 - -7 - (-2 + 9 - 2)) + 11.
7
Let u = 408 - 301. Calculate the remainder when u is divided by 14.
9
Let c(s) = 2*s**2 - 14*s - 54. What is the remainder when c(-6) is divided by 54?
48
Suppose -3*k + 2*h + 333 = 0, -24*k + 555 = -19*k - 5*h. Calculate the remainder when k is divided by 24.
15
Suppose 4*q - 8*q - 2*b + 122 = 0, 160 = 5*q + 4*b. Calculate the remainder when 516 is divided by q.
12
Suppose -10 = 4*a - 5*a. Suppose 0*y = -2*y + a. What is the remainder when 7 is divided by y?
2
Let n(k) = 43*k - 150. What is the remainder when 77 is divided by n(4)?
11
Suppose 0 = -5*u + 555 - 40. What is the remainder when u is divided by 28?
19
Let i = 2463 - 2439. Calculate the remainder when 2/(-7) + (-646)/(-7) is divided by i.
20
Suppose -21*m - 476 = -49*m. What is the remainder when m is divided by 15?
2
Let w = 27 - 19. Let x(q) = -q**3 + 8*q**2 + 4*q - 11. Let z(h) = h**2 + 2*h. Let g be z(2). What is the remainder when x(g) is divided by w?
5
Suppose 2*d - 41 = 5*m, -7*m = -d - 5*m + 18. What is the remainder when 71 is divided by d?
7
Let p = 82 - 56. Let c be (-3)/(-1)*-1 + 5. Suppose -y - 102 = -c*y. What is the remainder when y is divided by p?
24
Suppose 625 = -65*z + 70*z. Let y = 60 - 44. Calculate the remainder when z is divided by y.
13
Suppose 15*a - 9*a - 1752 = 0. Let h = a - 206. What is the remainder when h is divided by 22?
20
Let y = 29 + -25. Suppose i + 5*f + 5 = 28, -y*i + 2 = 2*f. Calculate the remainder when 45 is divided by 23/i*(-8)/4.
22
Calculate the remainder when 8/6 - (-2380)/51 is divided by 46.
2
Suppose -10*s + 42 = -8*s. What is the remainder when 68/(-6)*(-63)/s is divided by 5?
4
Let s = -11 + 14. Suppose -24 - 27 = -s*n. Let v = 61 - n. What is the remainder when v is divided by 16?
12
Let s(p) = p**2 + 3*p - 8. Let n be s(-5). Suppose -46 - 10 = -n*r. Let f = r - 24. Calculate the remainder when 15 is divided by f.
3
Let p be 4*(-1)/4*-41. Suppose 5*u - 54 = -22*u. Suppose 0 = -j + 3*r + p, j = -u*r + r + 25. Calculate the remainder when j is divided by 16.
13
Suppose -5*v = -3*f + 21, 4*f + 3*v - 2 + 3 = 0. Suppose f*a = -17 + 1. Let w = 26 + a. What is the remainder when 32 is divided by w?
14
Let i = -133 + 210. Calculate the remainder when i is divided by 40.
37
Suppose 4*v = 3*v + 38. Suppose -53*b - 225 = -519 - 501. Calculate the remainder when v is divided by b.
8
Suppose -3*b + 52 = -b - o, -2*o + 92 = 3*b. Let t = -26 + b. Calculate the remainder when 5 is divided by t.
1
Let w = -468 - -503. Calculate the remainder when 67 is divided by w.
32
Let b(y) = 3*y - 25. Let p = 58 - 47. What is the remainder when 30 is divided by b(p)?
6
Suppose 4856 + 3104 = 4*d. Calculate the remainder when d/25 + 3/(-5) is divided by 21.
16
Suppose 0 = -3*v - 13 - 5. Let c = 22 + v. Let n(b) = b**2 - b + 3. Calculate the remainder when n(-6) is divided by c.
13
Suppose 15*s - 3*s + 48 = 0. Let q(z) = 3*z + 25. What is the remainder when 116/3 + (-2)/3 is divided by q(s)?
12
Let y be (-2 - -5)*2/6. What is the remainder when 19 is divided by 40/(-8)*y/(-1)?
4
What is the remainder when 726 is divided by 561/10 + (-32)/320?
54
Suppose 5*b - 40 - 21 = -t, t = b - 11. Calculate the remainder when 215 is divided by b.
11
What is the remainder when 80 is divided by 21 - (-1)/(0 - 4/(-8))?
11
Let i(f) = -4 + 3 + 0 - 14*f**3 - 7*f**3. Let c be i(-1). Suppose 2*p + 2 = -5*x, 4*x - c = 3*p - 63. Calculate the remainder when 25 is divided by p.
7
Let v be 196/(-14)*(-2 + 1). Let x = 3 + v. Calculate the remainder when 83 is divided by x.
15
Let m(q) = q**3 - 12*q**2 + 22*q - 7. Calculate the remainder when 59 is divided by m(10).
7
Let b = 916 - 864. Calculate the remainder when b is divided by 11.
8
Let b be (-8)/(-3 - (-39)/15). Suppose -5*a + 15 = 4*d - 33, 0 = 3*a - 2*d - b. Calculate the remainder when 14 is divided by a.
6
Suppose 187 = 3*w + 130. Calculate the remainder when 94 is divided by w.
18
Suppose -6 = -5*w + 239. Calculate the remainder when 144 is divided by w.
46
Suppose 4153 = -8*j + 12585. Calculate the remainder when j is divided by 66.
64
Let p be (-2)/(-10) - 93/15. Let s be (-36)/(-63) + p/(-14). Suppose -4*z - r + 52 = -5*r, s = z + 5*r. Calculate the remainder when 43 is divided by z.
10
Let v(j) = j**3 + 9*j**2 - 12*j - 3. What is the remainder when 2/(-4) - 594/(-12) is divided by v(-10)?
15
Let q be ((-162)/4 + -1)/((-19)/38). Suppose -4*k - 4*c + 116 = 0, 5*k - 70 - q = -3*c. What is the remainder when k is divided by 9?
6
Let t(w) = 4*w**2 - 12*w + 47. What is the remainder when t(6) is divided by 16?
7
Suppose 15*y - 8*y = 1085. Calculate the remainder when y is divided by 44.
23
Let r be 1/(3/(-4 + -8)). Let n(w) = 2*w**2 - 9. What is the remainder when n(r) is divided by 5?
3
Let t(x) = x**3 + 13*x**2 - 15*x - 7. Let o = -2 + -12. Calculate the remainder when (48/28)/(4/42) is divided by t(o).
4
Suppose -1674*f = -1675*f + 69. What is the remainder when 195 is divided by f?
57
Let n be (21/6 - 3)/((-2)/4). What is the remainder when (n + 1 - 11/3)*-3 is divided by 2 + 2 - 0/(-2)?
3
Suppose 0*s = -3*u + 5*s + 11, 7 = u - s. Let x be (19/(-57))/(2/(-372)). Let i = x + -28. What is the remainder when i is divided by u?
10
Let k = -28 - -101. What is the remainder when k is divided by 534/27 + (-6)/(-27)?
13
Let d(j) = j**3 - 4*j**2 + 5*j + 3. What is the remainder when d(5) is divided by (12/(-15))/(6/(-105))?
11
Let j(x) be the second derivative of 10*x**3/3 + x**2 - 4*x. Let z be j(-2). Let s = 71 + z. Calculate the remainder when s is divided by 17.
16
Let k(p) = p**2 - 15*p + 23. Let n be k(13). Let y = 26 - 14. Let u = y + n. What is the remainder when u is divided by 4?
1
Suppose 6*f = f - 120. Let y = -81 - -39. Let s = f - y. What is the remainder when 52 is divided by s?
16
Let l = 129 - 119. Suppose 0 = 2*w - 4*w + 58. Calculate the remainder when w is divided by l.
9
Calculate the remainder when 323 is divided by (-226)/(-2) - (66 - 11)/11.
107
Suppose -23 - 81 = -8*s. Calculate the remainder when 24 is divided by s.
11
Suppose 0*g - 2*g + y = -13193, 2*g = -y + 13195. What is the remainder when g/153 - (-4)/(-34) is divided by 15?
13
Suppose 20*z - 228 = 32. Let a = 101 + -50. Calculate the remainder when a is divided by z.
12
Let j be 99 - 0*2/(-8). Calculate the remainder when 41 is divided by (2/(-3))/((-6)/j).
8
Let v be 15/(-4) - (-3)/4. Let f = v + 24. Suppose -5*c - f = -271. Calculate the remainder when c is divided by 17.
16
Suppose -5*o + 4*v = -0*o - 79, -5*o + 107 = 3*v. What is the remainder when 93 is divided by o?
17
Let v = 156 + -118. Let o(l) be the first derivative of 13*l**2/2 + 1. What is the remainder when v is divided by o(1)?
12
Suppose -3*n = 5 - 11. Let q(d) = -d**3 - 2*d**2 + d - 3. Let m be q(-4). Suppose 101 - m = n*a. What is the remainder when a is divided by 14?
10
Suppose -5*a + 5*o + 485 = 0, -a + 93 = o - 3*o. Let n = -127 + 179. Calculate the remainder when a is divided by n.
49
Let o = -72 